of 28 and x.
28
Let z = 11217 - 11209. What is the greatest common factor of z and 3544?
8
Let i be 2695/21*(-3)/(-1). Suppose -879 = -5*k + 4*z, 0 = 3*k + 3*z - i - 137. Calculate the highest common divisor of 70 and k.
35
Suppose 3*l - 47308 = -w, -3*w + 344 - 31901 = -2*l. Calculate the greatest common divisor of l and 14.
7
Suppose 2*w + 103 = o, -12*w = o - 13*w - 104. What is the greatest common divisor of 168 and o?
21
Let y(l) = -41*l**2 + 662*l + 5. Let i be y(6). What is the greatest common factor of 61 and i?
61
Let w(f) = -7*f - 39. Let h be w(-13). Suppose 5*c + 28 = 2*g, 0*c + 28 = 4*g - 3*c. What is the highest common factor of g and h?
4
Suppose -105 = -17*n + 133. Suppose -d + 1 = 0, -6 = -c - 4*d - 0*d. Calculate the greatest common factor of n and c.
2
Let o be 2/37 - 761592/(-5772). Calculate the greatest common divisor of 143 and o.
11
Let h be 0*(105/(-14) + 7) + -3. Let p be (62/4)/((-1)/2). Let s = h - p. Calculate the greatest common factor of s and 112.
28
Let f be (-224)/(-14)*(-1)/((-1)/10). Let x(p) = -p**3 - 55*p**2 - 107*p - 43. Let a be x(-53). What is the highest common factor of f and a?
10
Let y = 123 - -87. Suppose 8*v = -v + 99. Suppose -y = -v*p + p. What is the greatest common factor of 35 and p?
7
Let f(o) = -o**3 + 4*o**2 + 5*o - 15. Let a be f(4). Suppose 3*v - 3*d - 1039 + 337 = 0, 0 = a*v - 2*d - 1170. What is the highest common factor of v and 26?
26
Let w be -7*1/(-7)*-54. Let i = w - -52. Let l be (i + 20/4)/(15/700). What is the greatest common divisor of 28 and l?
28
Suppose 27*j - 1821 - 12624 = 0. What is the greatest common factor of 107 and j?
107
Let z = 5 - -22. Let b be (94/8)/(2805/(-700) - -4). Let k = -1537 - b. What is the highest common factor of k and z?
27
Let p = -32 + -3. Let q = p + 62. Let y(l) = l**2 + 12*l - 10. Let m be y(-13). What is the highest common divisor of q and m?
3
Let d be (-7)/((2/(-5))/(70/175)) - -17. Calculate the greatest common divisor of 8484 and d.
12
Suppose -5346 = -18*g - 4*g. Suppose 146*q = 137*q + g. What is the highest common factor of q and 90?
9
Let k be 6322/20 - (-33)/(-3630)*11. What is the greatest common divisor of k and 4977?
79
Suppose -13*z = -2307 - 72. Let j = 38 + z. What is the highest common factor of j and 68?
17
Let w(g) = 2*g**2 + 9*g - 27. Let m(x) = 12*x + 339. Let t be m(-28). Let l be w(t). Let c be (-8)/(-10)*10/4. What is the greatest common factor of c and l?
2
Suppose 31*b - 84066 - 7632 = 0. Suppose -24*g = -30*g + b. What is the greatest common factor of 17 and g?
17
Suppose 2*k = 5*u + 54, 4*u + 156 = 4*k + 24. Let c be (-1)/(-2)*(k - -9). Let s = c - 21. Calculate the highest common factor of 10 and s.
2
Suppose -93 = -6*t - 3. Suppose -11*k = -t*k + 80. Suppose 4*l + 24 = 2*m, -3*m - 4*l = -4*m + k. Calculate the greatest common divisor of m and 36.
4
Let p be 245/(-294) + (-267)/(-18). Calculate the greatest common factor of p and 798.
14
Let i(c) = -c**3 - 3*c**2 + 8*c + 7. Let l be i(-5). Let u(z) = 7*z**2 - 6130*z - 42998. Let m be u(-7). What is the greatest common divisor of m and l?
17
Let k(s) = s**3 + 26*s**2 - 74*s - 1038. Let n be k(-27). Calculate the greatest common divisor of n and 363.
33
Suppose -55*i + 690 = 21*i - 5390. What is the highest common factor of 3280 and i?
80
Let l = -183 - -139. Let k be 2/8 - 209/l. Calculate the greatest common factor of k and 3.
1
Let f = -515 + 368. Let p = f + 227. What is the greatest common divisor of p and 100?
20
Let o(h) = 9 + 4*h + 5*h - 8*h. Let d be o(-3). Suppose -4*i = -d*i + 60. Calculate the greatest common divisor of i and 60.
30
Suppose 3*a + 2658 = 8*a - k, -10 = -5*k. Suppose 5*u + 4*x = a, -369 = -3*u + 2*x - 41. What is the greatest common divisor of 81 and u?
27
Suppose 0 = -39*l - 892 + 5377. Suppose -115*f + 121*f = 552. Calculate the highest common factor of f and l.
23
Let i(p) = p**3 - 6*p**2 + 33*p - 310. Let v be i(8). Calculate the highest common divisor of v and 5125.
41
Let t(h) = h**3 + 11*h**2 + 23*h - 18. Let z be t(-9). Let x = 167 + z. Calculate the greatest common factor of x and 65.
13
Suppose 32*m - 156222 = 34*m - 13*m. What is the greatest common divisor of m and 54?
54
Let m = -211001 + 211011. Let j = 2 - 0. What is the highest common divisor of j and m?
2
Let w = 59 + 45. Suppose -397*a = -407*a - 5450. Let b = a + 558. What is the greatest common factor of b and w?
13
Suppose t = 4*a + 470, -2*a - 96 = -3*t + 1314. Suppose 473*q - t*q = 663. Calculate the highest common divisor of 34 and q.
17
Let m be 422684/290 + (-4)/(-10) - (-6)/87. Calculate the highest common divisor of m and 918.
54
Suppose -4*b + 236 = 3*r, -2*r - 73 = -3*b - 253. Calculate the greatest common divisor of r and 10.
2
Let i be 72/16*(-44)/(-2). Let a = 1725 - 1692. Calculate the highest common factor of i and a.
33
Let m be (7056/60)/21*23*(-10)/(-4). Calculate the greatest common divisor of 308 and m.
14
Let v(x) be the first derivative of x**4/4 + 4*x**3 - 23*x**2 - 7*x - 4. Let n be v(-15). Suppose 64 = n*m - 56. What is the highest common factor of m and 20?
5
Let s = -115 - -115. Suppose 3*k - 3*n - 6 = 0, s = -3*n + 6*n - 3. Calculate the highest common factor of k and 5.
1
Let v be 16*(1 + (-6)/(-4)). Suppose -3*k = -2*r + 36, -282*r - 190 = -287*r - 5*k. What is the highest common factor of v and r?
10
Suppose 3*i = 251 + 1798. Suppose -6*g - 103 = i. Let l = g + 134. What is the greatest common factor of l and 15?
3
Let g = 178 - 172. Suppose g*q + 5*d - 1625 = 3*q, -5*q = 5*d - 2725. What is the greatest common divisor of 50 and q?
50
Let o be 0 + 11/((-77)/(-14)). Suppose -223 = -o*h + 19. What is the greatest common divisor of h and 44?
11
Let i = -19261 - -25256. What is the greatest common divisor of 110 and i?
55
Let m be (3 - 2)/(1/(-10)). Let i(h) = 111*h**2 - 6*h - 6*h - 26 + 0*h - 112*h**2 - 2*h. Let o be i(m). Calculate the greatest common factor of 182 and o.
14
Let a = -1220 - -1228. Suppose -r - 90 - 42 = -3*c, 0 = -c + r + 44. What is the greatest common factor of c and a?
4
Let f be 6 + -6 + (13 - 11) + 1230. What is the highest common divisor of f and 209?
11
Let a(g) = g**3 + 7*g**2 + 9*g + 1. Let n be a(-4). Let u(p) = 15*p + 13. Let l be u(n). Calculate the highest common factor of l and 26.
26
Let s(n) = -n**2 + 17*n - 29. Let f be s(18). Let d = f - -52. Suppose -h = 5*k + 78 - 802, 0 = d*k + 5*h - 740. What is the highest common factor of 16 and k?
16
Let a(p) = -60*p**3 - 3*p**2 + 3*p + 2. Let w be 11 - (-846)/(-66) - (-4)/(-22). Let i be a(w). What is the greatest common divisor of 58 and i?
58
Suppose -5*n = -20, -3*y + 17*n = 16*n - 2306. What is the greatest common divisor of y and 70?
70
Let p(o) = 897*o**2 - 83*o + 82. Let j be p(1). Calculate the highest common factor of j and 28.
28
Let l be (428/84 - 12/126)*(-9728)/(-95). What is the highest common divisor of 15488 and l?
128
Suppose 0 = -6*c + 16 - 4. Suppose -14 = -c*q - 8. Suppose 3*u - 128 = -4*n, -q*n = -9*u + 5*u + 204. What is the highest common factor of u and 12?
12
Let s = 2487 - 2443. Let g = -1040 + 1810. Calculate the highest common divisor of g and s.
22
Let r(w) = -w**3 + 14*w - 4. Let p be r(-6). Let q be (-30)/(-70) + 1618*(-2)/(-28). Let t = p - q. Calculate the highest common factor of 6 and t.
6
Let i(b) = -b. Let z be i(1). Let d be (2/2)/(z/(-100)). Let n(u) = -16*u**2 + 195*u - 11. Let r be n(12). Calculate the greatest common divisor of d and r.
25
Let u(x) = x + 13. Let n be u(0). Let i be (-4)/(-20) - (-420)/25. Suppose -i = -10*o + 113. Calculate the greatest common divisor of o and n.
13
Let r be (-2 - -3)*145/(-15)*-15. Suppose 15*y - r = 20. Let s = 59 + -15. Calculate the highest common factor of s and y.
11
Let d be (0 - -1)*(0 - 2). Let s be 18*(d + 3)*(-15)/(-9). Suppose -l + s = 4*l. What is the greatest common factor of 66 and l?
6
Let v = -12 + 24. Suppose -4*z + v = -0*z. Let d be (23 + -25)*18/(-4). Calculate the highest common factor of z and d.
3
Let p be (-78)/(24/(-6948)*9). Calculate the greatest common factor of 13 and p.
13
Suppose 4*o = -2*t + 88, 2*t = 2*o - 2*t - 34. What is the highest common factor of 777 and o?
21
Suppose 4*g = -3*v - 50 - 19, 2*g = -v - 35. Let i(n) = -n**2 - 17*n + 44. Let f be i(g). 